) = -5*p + 4. Suppose -3*t + 4 - 13 = 0. Let v = t - 0. Calculate the remainder when l(v) is divided by 7.
5
Let u(b) = 43*b**2 + 2*b - 1. Calculate the remainder when u(1) is divided by 9.
8
Let x = -20 + 51. Calculate the remainder when x is divided by 17.
14
Suppose 15*s = 22*s - 2247. What is the remainder when s is divided by 23?
22
Let o be 9/(-3) - -6 - 1. Suppose 0 = -2*n + o*g + 72, 8*n - 98 = 5*n + 5*g. Calculate the remainder when n is divided by 11.
8
Let y = -7 - -18. What is the remainder when 14 is divided by y?
3
Suppose -2*i = -3*c + 2*c - 8, 0 = -2*i + 3*c + 4. What is the remainder when i is divided by 3?
2
Let u = -16 - -10. What is the remainder when 9 is divided by (u/8)/(2/(-16))?
3
Suppose -36 = -2*y - 2*y. Let s = 52 + -36. Calculate the remainder when s is divided by y.
7
Let m(i) = 2*i**2 + 3*i - 3*i + 1. Calculate the remainder when 5 is divided by m(-1).
2
Let c = 33 + -31. What is the remainder when 15 is divided by c?
1
Let n = -68 - -108. What is the remainder when n is divided by 21?
19
Let b be (-3)/(-1 + -2 + 2). Suppose 0*d - 2*d = 0. Suppose -36 = -d*z - b*z. What is the remainder when z is divided by 7?
5
Suppose -c - 112 = 2*v, -2*v - 53 = -v + 2*c. Calculate the remainder when (v/1 + -2)/(-1) is divided by 12.
11
Let i(p) = p**2 - 19*p**3 + 2*p**2 - 2*p**2. What is the remainder when 28/(-21)*261/(-6) is divided by i(-1)?
18
Suppose -181 = 5*l - 811. Calculate the remainder when l is divided by 33.
27
Let v = -2 + 5. Suppose -2*u - v*u + 50 = 0. What is the remainder when 18 is divided by u?
8
Let t = -2 + 5. Suppose 5*p - 5*h = 12 + 13, 4*p = 2*h + 20. Calculate the remainder when p is divided by t.
2
Suppose -17 + 11 = -3*p. Let l = p + 2. What is the remainder when 9 is divided by l?
1
Let a = 68 + -26. What is the remainder when a is divided by 22?
20
Suppose 4*q = -2*l + 7*q + 69, 0 = 5*l + 2*q - 163. Calculate the remainder when l is divided by 12.
9
Let f be ((-2)/3)/((-12)/(-18)). Let b be 15 + 6/3 + f. Let c = b - 7. Calculate the remainder when 16 is divided by c.
7
Suppose d = k + 3*d, 3*d + 27 = 3*k. Suppose 0 = 2*v + 2 - 6. Calculate the remainder when (v - -13) + -2 + 4 is divided by k.
5
Suppose 2*o = -o + 6. Suppose k - 2*k = g + 1, 10 = 2*k - o*g. Suppose -k*c + 6*c - 104 = 0. Calculate the remainder when c is divided by 9.
8
Let p = -18 + 22. Suppose -5*t - 5*u = -4*t - 105, 5*u + 320 = p*t. Calculate the remainder when t is divided by 22.
19
Suppose -5*t = 9 - 29. Suppose -t*x + 10 = x. What is the remainder when 26 is divided by ((-2)/5)/(x/(-70))?
12
Suppose w + 2 + 11 = 0. Let x = w + 33. Let n = 15 - -44. Calculate the remainder when n is divided by x.
19
Let m(b) = -55*b + 1. Let y = -4 + 3. What is the remainder when m(y) is divided by 19?
18
Let d = 77 + -57. What is the remainder when 37 is divided by d?
17
Suppose -2*q = -8, 0 = -5*v - 2*q + 23 + 150. Suppose -c = -2*d + c + 34, 4*d + 3*c - v = 0. Calculate the remainder when -28*(-25)/(-60)*-3 is divided by d.
11
Let x(k) = k**3 + 4*k**2 - 5*k + 4. Let a be x(-5). Suppose -28 = -4*q - 3*b, -7*q + 3*q = -3*b - a. Calculate the remainder when q is divided by 1.
0
Suppose -20 + 85 = 5*z. What is the remainder when 21 is divided by z?
8
Suppose -13*c + 12*c + 19 = 0. Calculate the remainder when 56 is divided by c.
18
Suppose 2*x - 2*o - 10 = -0*o, 0 = 4*x + o. Suppose -4*c = -6 - 26. What is the remainder when c is divided by x/3 + 14/3?
3
Let k(c) = c**2 - 2. Let l(j) = -24*j + 2. Let i be l(-3). Suppose 3*t - 3*x - i + 23 = 0, 15 = 5*x. What is the remainder when t is divided by k(-3)?
6
Let u(o) = -o**3 + o**2 + o - 2. Let k(c) = c - 1. Let r be k(-1). What is the remainder when (-58)/(-4) - 1/(-2) is divided by u(r)?
7
Let u(y) be the first derivative of 4*y**3/3 + y**2 - 2*y - 4. Calculate the remainder when 17 is divided by u(-2).
7
Let b(f) = -3*f - 8. Let m(j) = 3*j**2 - 10. What is the remainder when m(3) is divided by b(-6)?
7
Calculate the remainder when -1*(-8 + 7) + 9 is divided by 16/(-6)*(-3)/2.
2
Suppose 3*x + 30 = d, -5*x + 0*d = 2*d + 50. Let t = 15 - x. What is the remainder when t is divided by 9?
7
Let o = 31 - 12. Calculate the remainder when o is divided by 7.
5
Let m(l) = -3*l**3 - 4*l**2 + 3*l + 6. Let t be m(-4). Let c = t - 81. Let n = 23 + -12. What is the remainder when c is divided by n?
8
Calculate the remainder when 22 is divided by -2 + (-2)/2 + 2 + 13.
10
What is the remainder when (-648)/(-14) + (-8)/28 is divided by 7?
4
Suppose 0 = t - 4 - 4. What is the remainder when (1/((-4)/52))/(-1) is divided by t?
5
Calculate the remainder when (32 - 2)*(-8)/(-16) is divided by 6.
3
Suppose 0*t + 10 = t. What is the remainder when 147/5 + (-4)/t is divided by 15?
14
Suppose 20 = 4*t + m, 2*t - m = 4*t - 8. Let c = t - -16. Let v = c + -9. What is the remainder when 25 is divided by v?
12
Let u = -7 + 9. Suppose u*y - 88 - 50 = 0. What is the remainder when y is divided by 18?
15
Let b = -22 - -32. Let f(c) = c**2 - 8*c - 10. What is the remainder when 19 is divided by f(b)?
9
Suppose -4*w - 3*r + 86 = 0, -2*w = -4*r - 83 + 29. Calculate the remainder when w is divided by 12.
11
Let f(l) = -l**3 + 4*l**2 + 4*l. Suppose -9 - 11 = -5*p. Suppose 0 = v - 5*v + 120. What is the remainder when v is divided by f(p)?
14
Let a be (0 - (0 + 1))*0. Suppose 26 = 2*r - a*r. What is the remainder when 25 is divided by r?
12
Let w(g) = 3*g**2 - 3*g**2 - 2*g**3 + g**3. What is the remainder when (-8)/(-6) - 4/(-6) is divided by w(-1)?
0
Suppose 3*z = 4*o + 8*z - 162, 0 = o + z - 40. What is the remainder when o is divided by 20?
18
Suppose 0 = -3*q - 26 + 41. What is the remainder when 26 is divided by q?
1
Suppose 2*w + 6 = 4*w. Suppose 5 = -3*g + 4*g. Suppose -3*b - b + 3 = -g*r, 2*b - r - 9 = 0. Calculate the remainder when b is divided by w.
1
Suppose 3*m + 11 = -g + 2, 3*m - 2*g + 9 = 0. Suppose -45 = -h - 2*h. What is the remainder when ((-57)/9)/(m/27) is divided by h?
12
Let v be 3/(0 - -3) - -1. Let m = 13 - -4. What is the remainder when (-33)/(-4)*(v - -2) is divided by m?
16
Suppose 226 = -2*l - 0*l. Let s = l - -36. Let p = 114 + s. Calculate the remainder when p is divided by 13.
11
Let m = -46 + 85. What is the remainder when m is divided by 20?
19
Let g = 21 + -6. Let c(q) = -q**2 + 7*q + 3. What is the remainder when g is divided by c(6)?
6
Let z = 4 - 0. Suppose 11 + 9 = z*q. What is the remainder when q is divided by 2?
1
Let r be 895/2*8/10. Suppose 0 = -h + 1, 5*d = 2*h + r + 70. Suppose 100 = 5*i - 4*s, -5*s = 2*i + 13 - d. Calculate the remainder when i is divided by 13.
11
Suppose -v + 2 = -h, 2*h - 5*v + 2*v = -8. Let j(t) = -t - 4 - h + 2. Calculate the remainder when 5 is divided by j(-7).
2
Suppose -5*d + 56 = 4*g, 4*g + g = -3*d + 70. Calculate the remainder when g is divided by 5.
4
Let y(z) = -z**2 + 8*z - 7. What is the remainder when -22*(2 + -1 - 2) is divided by y(5)?
6
What is the remainder when 119 is divided by 3/(-6) + 539/22?
23
Let w(r) = r**3 + r**2 - r + 6. Let d(x) = -x**3 + 11*x**2 - 8*x - 14. Let b be d(10). Calculate the remainder when w(0) is divided by (-160)/(-48) + (-2)/b.
0
Suppose p - 89 - 10 = 0. What is the remainder when p is divided by 17?
14
Suppose h = 7*h - 120. What is the remainder when 98 is divided by h?
18
Suppose -5*z + 4*w = -0*w - 305, 0 = 3*z + 5*w - 220. Calculate the remainder when z is divided by 10.
5
Let m(c) = c**2 - 1. Let d = 20 - 16. Calculate the remainder when d is divided by m(-2).
1
Suppose -5*c = -2*o - 191, 0 = 5*o + 2 - 12. Calculate the remainder when c is divided by 10.
9
Let v(b) be the second derivative of -b**3/3 - 7*b**2/2 + 2*b. What is the remainder when -5*(-1)/(5/4) is divided by v(-5)?
1
Suppose 0 = -21*r + 4*r + 170. What is the remainder when 57 is divided by r?
7
Let j(y) be the third derivative of -y**5/60 - 5*y**4/24 + y**3/6 - y**2. Let g be j(-5). Calculate the remainder when (60 - (-1 + 2))/g is divided by 20.
19
Let c(l) = 27*l**2 - 3*l + 3. Let g be c(3). Suppose -2*m + 4 = 0, 2*m - g = 5*h - 38. Let x = -20 - h. What is the remainder when 55 is divided by x?
17
Suppose -2*y = -6 - 0. Let c(w) = w - 1. Let j(t) = -4*t + 40. Let f(a) = y*c(a) + j(a). What is the remainder when f(0) is divided by 10?
7
Suppose 2